ist the prime factors of 61146333.
3, 73, 383
List the prime factors of 556442687.
556442687
What are the prime factors of 46820429?
37, 389, 3253
List the prime factors of 87335665.
5, 17467133
List the prime factors of 360039734.
2, 180019867
List the prime factors of 3894651533.
17, 229097149
What are the prime factors of 51713890?
2, 5, 23, 31, 7253
What are the prime factors of 93667089?
3, 31, 1007173
List the prime factors of 52684650.
2, 3, 5, 47, 53
What are the prime factors of 97986066?
2, 3, 421, 38791
List the prime factors of 1241834196.
2, 3, 269, 311, 1237
What are the prime factors of 451142485?
5, 90228497
What are the prime factors of 670634816?
2, 10478669
List the prime factors of 2433806709.
3, 23, 35272561
What are the prime factors of 6952728901?
17, 18803, 21751
List the prime factors of 13385171.
17, 269, 2927
What are the prime factors of 476847778?
2, 11, 21674899
What are the prime factors of 5875700746?
2, 2937850373
What are the prime factors of 53850528?
2, 3, 62327
List the prime factors of 957712397.
71, 443, 30449
List the prime factors of 72200842.
2, 7, 5157203
List the prime factors of 52923094.
2, 7, 19, 198959
What are the prime factors of 41911427?
41911427
List the prime factors of 273245287.
7, 39035041
What are the prime factors of 1200602473?
7, 241, 711679
List the prime factors of 1971023893.
23, 677, 126583
List the prime factors of 10515372.
2, 3, 7, 125183
What are the prime factors of 62878647?
3, 13, 124021
What are the prime factors of 195120969?
3, 65040323
List the prime factors of 605363849.
89, 173, 39317
What are the prime factors of 2201187?
3, 29, 25301
List the prime factors of 276731829.
3, 11, 931757
What are the prime factors of 655096094?
2, 327548047
List the prime factors of 339950607.
3, 9221, 12289
List the prime factors of 77441932.
2, 3833, 5051
List the prime factors of 65804312.
2, 7, 1175077
List the prime factors of 49528350.
2, 3, 5, 110063
List the prime factors of 140109714.
2, 3, 7783873
What are the prime factors of 155014076?
2, 7, 167, 33151
What are the prime factors of 28381789?
17, 439, 3803
What are the prime factors of 755843288?
2, 739, 127849
What are the prime factors of 1010260423?
941, 1073603
List the prime factors of 168683398.
2, 13, 1051, 6173
What are the prime factors of 36099347?
17, 2123491
List the prime factors of 155216362.
2, 7, 11086883
What are the prime factors of 583817230?
2, 5, 17, 67, 51257
What are the prime factors of 1194496843?
1194496843
What are the prime factors of 1722577701?
3, 13, 97, 283, 1609
What are the prime factors of 5085599840?
2, 5, 31784999
List the prime factors of 4984282970.
2, 5, 463, 1076519
What are the prime factors of 347130553?
7, 11, 607, 1061
List the prime factors of 841031436.
2, 3, 7, 29, 67, 5153
List the prime factors of 296080723.
6833, 43331
List the prime factors of 56214940.
2, 5, 2810747
What are the prime factors of 3817213238?
2, 211, 283, 31963
List the prime factors of 650098724.
2, 11, 14774971
List the prime factors of 28767901.
47, 612083
List the prime factors of 451402380.
2, 3, 5, 11, 13, 19, 71
What are the prime factors of 379475332?
2, 307, 309019
What are the prime factors of 28017479?
7, 17, 235441
List the prime factors of 4115972838.
2, 3, 79, 1069, 8123
List the prime factors of 1506373134.
2, 3, 7, 35866027
What are the prime factors of 180967039?
11, 19, 865871
List the prime factors of 335790066.
2, 3, 55965011
What are the prime factors of 51511510?
2, 5, 5151151
List the prime factors of 4105141924.
2, 13, 53, 1489529
List the prime factors of 1279626432.
2, 3, 7, 31, 30713
What are the prime factors of 349456393?
11, 13, 2443751
List the prime factors of 273896958.
2, 3, 45649493
List the prime factors of 3269350046.
2, 383, 433, 9857
List the prime factors of 883402055.
5, 19, 23, 101, 4003
What are the prime factors of 727254216?
2, 3, 13, 761, 1021
List the prime factors of 91966429.
31, 2966659
List the prime factors of 4267077400.
2, 5, 29, 199, 3697
What are the prime factors of 607088063?
607088063
List the prime factors of 8792676.
2, 3, 467, 523
List the prime factors of 30187725.
3, 5, 402503
What are the prime factors of 41318516?
2, 307, 33647
List the prime factors of 170744457.
3, 13, 433, 10111
List the prime factors of 49968411.
3, 1129, 14753
What are the prime factors of 744117811?
744117811
What are the prime factors of 188820143?
188820143
What are the prime factors of 1847193980?
2, 5, 92359699
List the prime factors of 508153814.
2, 7, 740749
What are the prime factors of 421933476?
2, 3, 47, 457, 1637
What are the prime factors of 304599984?
2, 3, 13, 37, 79, 167
List the prime factors of 2510712891.
3, 179, 283, 5507
What are the prime factors of 749490?
2, 3, 5, 7, 43, 83
List the prime factors of 105104771.
41, 43, 59617
List the prime factors of 2064164050.
2, 5, 13, 149, 21313
What are the prime factors of 585026727?
3, 195008909
List the prime factors of 33275808.
2, 3, 43, 2687
List the prime factors of 281080424.
2, 23, 503, 3037
What are the prime factors of 18160861?
907, 20023
What are the prime factors of 1232529871?
1232529871
List the prime factors of 428680047.
3, 3391, 42139
What are the prime factors of 41074434?
2, 3, 2281913
What are the prime factors of 221811124?
2, 55452781
What are the prime factors of 1402291254?
2, 3, 7, 13, 2568299
What are the prime factors of 505307140?
2, 5, 13, 1943489
List the prime factors of 970745919.
3, 11, 13, 2262811
What are the prime factors of 62104953?
3, 20701651
What are the prime factors of 6176744289?
3, 1523, 150209
List the prime factors of 1594044375.
3, 5, 7, 11, 61, 181
List the prime factors of 156484764.
2, 3, 61, 23753
What are the prime factors of 265559573?
11777, 22549
List the prime factors of 5183558205.
3, 5, 7, 31, 53, 30047
List the prime factors of 34104686.
2, 7, 11, 17, 1861
List the prime factors of 49759873.
49759873
What are the prime factors of 1577637818?
2, 788818909
What are the prime factors of 228790395?
3, 5, 73, 257, 271
List the prime factors of 686617240.
2, 5, 17165431
What are the prime factors of 2170729695?
3, 5, 144715313
List the prime factors of 31071267.
3, 29, 119047
List the prime factors of 317483949.
3, 2459, 43037
List the prime factors of 85097965.
5, 37, 47, 9787
List the prime factors of 862135087.
11, 977, 80221
What are the prime factors of 163011437?
1409, 115693
What are the prime factors of 1647082901?
3331, 494471
List the prime factors of 50749200.
2, 3, 5, 37, 127
What are the prime factors of 129433448?
2, 16179181
List the prime factors of 2392961817.
3, 103, 7744213
List the prime factors of 72225326.
2, 53, 681371
List the prime factors of 55725725.
5, 11, 202639
List the prime factors of 236206986.
2, 3, 41, 960191
List the prime factors of 4672972.
2, 1168243
What are the prime factors of 37080075?
3, 5, 283, 1747
What are the prime factors of 258063860?
2, 5, 12903193
What are the prime factors of 627381176?
2, 37, 2119531
What are the prime factors of 2459753393?
10529, 233617
What are the prime factors of 210476197?
23, 53, 172663
What are the prime factors of 28467252?
2, 3, 11, 71887
What are the prime factors of 880350002?
2, 7, 1567, 40129
What are the prime factors of 173747725?
5, 6949909
List the prime factors of 2172771826.
2, 1086385913
List the prime factors of 20652664.
2, 2581583
List the prime factors of 51210847.
67, 764341
List the prime factors of 40804764.
2, 3, 7, 11, 13, 43, 79
What are the prime factors of 254237051?
83, 3063097
List the prime factors of 2627959660.
2, 5, 491, 267613
List the prime factors of 408538755.
3, 5, 3026213
What are the prime factors of 67079401?
59, 1136939
List the prime factors of 6018739.
281, 21419
What are the prime factors of 42862183?
7, 13, 331, 1423
What are the prime factors of 394838001?
3, 761, 57649
List the prime factors of 441054696.
2, 3, 83, 221413
List the prime factors of 1592008403.
25673, 62011
List the prime factors of 517148382.
2, 3, 86191397
What are the prime factors of 36992502?
2, 3, 97, 21187
What are the prime factors of 163881524?
2, 131, 149, 2099
What are the prime factors of 96895023?
3, 61, 601, 881
List the prime factors of 1047677380.
